ands digit of 51759?
5
What is the units digit of 349?
9
What is the tens digit of 64521?
2
What is the hundreds digit of 160245?
2
What is the hundreds digit of 1462?
4
What is the units digit of 4237?
7
What is the tens digit of 2030?
3
What is the hundred thousands digit of 114574?
1
What is the units digit of 362?
2
What is the tens digit of 7512?
1
What is the units digit of 8078?
8
What is the tens digit of 3072?
7
What is the tens digit of 512?
1
What is the thousands digit of 16166?
6
What is the hundreds digit of 993?
9
What is the tens digit of 753?
5
What is the hundreds digit of 1210?
2
What is the tens digit of 76565?
6
What is the tens digit of 62772?
7
What is the units digit of 1068?
8
What is the tens digit of 467?
6
What is the units digit of 6315?
5
What is the ten thousands digit of 40941?
4
What is the units digit of 950?
0
What is the tens digit of 3300?
0
What is the units digit of 36331?
1
What is the tens digit of 95003?
0
What is the units digit of 58061?
1
What is the tens digit of 286?
8
What is the thousands digit of 3314?
3
What is the hundreds digit of 188625?
6
What is the tens digit of 1241?
4
What is the hundreds digit of 416?
4
What is the units digit of 1297?
7
What is the units digit of 4002?
2
What is the tens digit of 899?
9
What is the tens digit of 60612?
1
What is the tens digit of 4634?
3
What is the thousands digit of 2784?
2
What is the tens digit of 9374?
7
What is the ten thousands digit of 23163?
2
What is the units digit of 354?
4
What is the hundreds digit of 15448?
4
What is the hundreds digit of 6877?
8
What is the tens digit of 8669?
6
What is the tens digit of 394?
9
What is the tens digit of 1533?
3
What is the thousands digit of 9047?
9
What is the thousands digit of 2267?
2
What is the hundreds digit of 924?
9
What is the units digit of 52895?
5
What is the hundreds digit of 13928?
9
What is the tens digit of 6948?
4
What is the tens digit of 357?
5
What is the hundreds digit of 6489?
4
What is the units digit of 13460?
0
What is the thousands digit of 6213?
6
What is the units digit of 497?
7
What is the thousands digit of 2821?
2
What is the tens digit of 559?
5
What is the ten thousands digit of 75646?
7
What is the units digit of 4404?
4
What is the thousands digit of 12158?
2
What is the thousands digit of 63928?
3
What is the units digit of 4940?
0
What is the tens digit of 238?
3
What is the hundred thousands digit of 120087?
1
What is the tens digit of 10751?
5
What is the hundreds digit of 39286?
2
What is the hundreds digit of 182?
1
What is the thousands digit of 29749?
9
What is the tens digit of 51937?
3
What is the hundreds digit of 597?
5
What is the thousands digit of 15581?
5
What is the ten thousands digit of 32683?
3
What is the hundreds digit of 8408?
4
What is the tens digit of 65?
6
What is the hundreds digit of 9913?
9
What is the units digit of 32988?
8
What is the thousands digit of 3969?
3
What is the tens digit of 990?
9
What is the units digit of 77471?
1
What is the thousands digit of 2960?
2
What is the ten thousands digit of 13050?
1
What is the tens digit of 2967?
6
What is the tens digit of 2820?
2
What is the units digit of 11038?
8
What is the tens digit of 45?
4
What is the units digit of 710?
0
What is the tens digit of 98108?
0
What is the tens digit of 617?
1
What is the hundreds digit of 3521?
5
What is the thousands digit of 15986?
5
What is the tens digit of 2659?
5
What is the tens digit of 66358?
5
What is the thousands digit of 76438?
6
What is the thousands digit of 1359?
1
What is the hundreds digit of 7644?
6
What is the tens digit of 37792?
9
What is the hundreds digit of 26015?
0
What is the thousands digit of 1716?
1
What is the units digit of 174?
4
What is the units digit of 37011?
1
What is the tens digit of 14857?
5
What is the ten thousands digit of 65044?
6
What is the tens digit of 29?
2
What is the units digit of 36?
6
What is the ten thousands digit of 30587?
3
What is the units digit of 850?
0
What is the thousands digit of 1937?
1
What is the tens digit of 832?
3
What is the hundreds digit of 18430?
4
What is the hundreds digit of 25791?
7
What is the units digit of 2756?
6
What is the hundreds digit of 758?
7
What is the hundreds digit of 2523?
5
What is the tens digit of 8210?
1
What is the thousands digit of 62828?
2
What is the hundreds digit of 17332?
3
What is the units digit of 29780?
0
What is the hundreds digit of 16384?
3
What is the units digit of 25?
5
What is the units digit of 646?
6
What is the hundreds digit of 11472?
4
What is the hundreds digit of 469?
4
What is the thousands digit of 6233?
6
What is the hundreds digit of 37267?
2
What is the thousands digit of 69457?
9
What is the tens digit of 4470?
7
What is the thousands digit of 31484?
1
What is the units digit of 999?
9
What is the hundreds digit of 68367?
3
What is the thousands digit of 14251?
4
What is the tens digit of 516?
1
What is the ten thousands digit of 18600?
1
What is the ten thousands digit of 19583?
1
What is the tens digit of 30674?
7
What is the ten thousands digit of 13583?
1
What is the thousands digit of 73437?
3
What is the hundreds digit of 6333?
3
What is the ten thousands digit of 32307?
3
What is the units digit of 1049?
9
What is the units digit of 5069?
9
What is the units digit of 28655?
5
What is the hundreds digit of 29994?
9
What is the units digit of 641?
1
What is the tens digit of 531?
3
What is the units digit of 435?
5
What is the hundreds digit of 1931?
9
What is the ten thousands digit of 30057?
3
What is the tens digit of 62?
6
What is the hundreds digit of 773?
7
What is the hundreds digit of 14059?
0
What is the thousands digit of 1069?
1
What is the units digit of 6719?
9
What is the units digit of 490?
0
What is the tens digit of 1029?
2
What is the units digit of 2181?
1
What is the units digit of 13685?
5
What is the units digit of 2544?
4
What is the ten thousands digit of 107765?
0
What is the units digit of 14189?
9
What is the units digit of 32192?
2
What is the thousands digit of 39723?
9
What is the hundreds digit of 344?
3
What is the ten thousands digit of 18468?
1
What is the hundreds digit of 439?
4
What is the hundred thousands digit of 189006?
1
What is the hundreds digit of 22663?
6
What is the tens digit of 2472?
7
What is the tens digit of 1055?
5
What is the units digit of 295?
5
What is the thousands digit of 3407?
3
What is the tens digit of 484?
8
What is the tens digit of 15750?
5
What is the units digit of 968?
8
What is the tens digit of 1244?
4
What is the tens digit of 840?
4
What is the hundreds digit of 2652?
6
What is the thousands digit of 1202?
1
What is the ten thousands digit of 49051?
4
What is the tens digit of 6378?
7
What is the thousands digit of 10063?
0
What is the hundreds digit of 7589?
5
What is the tens digit of 97381?
8
What is the tens digit of 4627?
2
What is the units digit of 5771?
1
What is the units digit of 8276?
6
What is the thousands digit of 100518?
0
What is the hundreds digit of 16637?
6
What is the tens digit of 319?
1
What is the units digit of 1668?
8
What is the ten thousands digit of 41434?
4
What is the units digit of 7358?
8
What is the hundreds digit of 17237?
2
What is the tens digit of 720?
2
What is the tens digit of 2736?
3
What is the tens digit of 20817?
1
What is the tens digit of 898?
9
What is the thousands digit of 28687?
8
What is the tens digit of 11623?
2
What is the tens digit of 1041?
4
What is the thousands digit of 122300?
2
What is the ten thousands digit of 122553?
2
What is the tens digit of 82?
8
What is the units digit of 42943?
3
What is the hundreds digit of 1125?
1
What is the ten thousands digit of 62541?
6
What is the tens digit of 2823?
2
What is the ten thousands digit of 31013?
3
What is the units digit of 5385?
5
What is the units digit of 316?
6
What is the tens digit of 75286?
8
What is the tens digit of 247?
4
What is the thousands digit of 1841?
1
What is the hundreds digit of 898?
8
What is the tens digit of 23521?
2
What is the thousands digit of 20643?
0
What is the tens digit of 727?
2
What is the units digit of 510?
0
What is the thousands digit of 9026?
9
What is the tens digit of 88823?
2
What is the